m) = 19 - 50 + q + 13*m - m**3 + 6 + 11*m**2. Give b(12).
-4
Let j(x) = 12*x + 229. Let a be ((-72)/(-24))/9*-60. Give j(a).
-11
Let a(x) = x**2 + x - 6. Let h(y) = 3*y**2 - 8*y + 18. Let j be h(5). Suppose -8*u - j + 21 = 0. Calculate a(u).
6
Let o = 12 - -1. Let j = o - 11. Let y(b) = 3*b**2 + b - 2*b**j - 66 + 65 - b**3. Determine y(0).
-1
Let k(d) be the second derivative of -7*d**3/3 + 10*d**2 - 739*d. Calculate k(2).
-8
Let g be 6/(24/4) + (4/2 - 9). Let b = 41 + -23. Let d(v) = -v**2 - 6*v + b - 18. Calculate d(g).
0
Let g(x) = -14*x**3 - 4*x**2 + 9*x - 9. Let q(f) = 30*f**3 + 8*f**2 - 19*f + 19. Let p(j) = -13*g(j) - 6*q(j). What is p(-3)?
-6
Let z(h) be the second derivative of h**4/12 - 5*h**3/3 + h**2 + 9025*h. Suppose -3*w + 4*w = 10. Calculate z(w).
2
Let u(v) = 13*v**2 - 37*v + 47. Let q(h) = 7*h**2 - 19*h + 23. Let y(a) = -11*q(a) + 6*u(a). Determine y(10).
-1
Let s(p) = p**3 - 7*p**2 - 7*p + 7. Suppose 0*v = -6*v + 120. Suppose -v = -2*u - 2*u. Suppose 14 = x + 3*z - 9, 4*z = -u*x + 60. Calculate s(x).
15
Let g(k) = -9*k**3 - 37*k**2 - 8*k - 3. Suppose 30 = 3*w - o, -7 = -4*o + 5. Let a(h) = 5*h**3 + 20*h**2 + 4*h + 2. Let j(m) = w*a(m) + 6*g(m). Determine j(3).
1
Suppose -5*f + f - 5*i = 119, 4*i = 4*f + 164. Let p be (2 + (0 - -2))/(f/18). Let j(u) = 2*u**2 + 4*u + 3. Determine j(p).
3
Let m(n) be the first derivative of n**3/3 - 17*n**2/2 + 7*n - 1347. Calculate m(12).
-53
Let w(d) = 19*d + 165. Let y(i) = -33*i - 163. Let l(k) = 3*w(k) + 2*y(k). What is l(19)?
-2
Let h(i) = -i**2 - i + 8. Let n = -29 + 27. Let s = 7 + n. Suppose d + 3*z = 6*d - 3, s*z + 5 = 2*d. What is h(d)?
8
Let l(f) be the first derivative of -f**4/4 + 2*f**3/3 + 2*f**2 + 3*f + 2567. What is l(-1)?
2
Let b(z) be the first derivative of -z**3/3 + 2*z**2 - 3*z + 9. Suppose 16*r = 8*r + 520. Suppose r = -4*p + 85. Calculate b(p).
-8
Let u(k) = k**2 - 6*k - 3. Let z be (-354 + 355)*(0 - -8). Determine u(z).
13
Let z(i) be the first derivative of i**2/2 + 12*i - 208. Calculate z(-10).
2
Let c = -24016 - -24022. Let k(x) = -x**3 + 8*x**2 - 6*x - 16. Give k(c).
20
Let r(y) = y**3 + 3*y**2 - 5*y + 2. Suppose h - 4*i + 16 = 0, 3 = -0*i + i. Let n be r(h). Let j(o) = -4*o + n + 0 + 1. Give j(5).
-13
Suppose 3*t - 15 = -0*t. Suppose -t*a + 24 = -4*g, 3*g - 3*a = -10 - 8. Let v(f) = -f - 16*f**3 + 6 - 3*f + 5*f**2 + 17*f**3. Calculate v(g).
-6
Let s(v) = 74*v + 0 - 28*v - v**3 - 44*v + 10*v**2 - 11 - v**3. Calculate s(5).
-1
Suppose -2*k - 59 = p + k, 3*k = -4*p - 227. Let f = -51 - p. Let u(d) = -f - 4*d - 2 - d**2 + 10. Calculate u(-4).
3
Let l(m) = -m**3 - 10*m**2 - 9*m + 4. Let r(i) = 392*i - 2753. Let v be r(7). Calculate l(v).
4
Let a = 155 + -146. Suppose a*p - 28 = 2*p. Let x(j) = j**2 - 3*j - 2. Give x(p).
2
Let t(y) = 3*y - 52. Let x be 2/(-10)*-2 - (1 + 99/(-15)). Give t(x).
-34
Suppose -4*v + 270 = 2*h, 3*v + 2*h + 2 = 204. Let i = 177 + -111. Let k = i - v. Let c(r) = 2*r - 1. Give c(k).
-5
Let l(t) = 1. Let s(y) = 3*y - 4. Let n(u) = -4*l(u) - s(u). Let j = -69 + 105. Let v(q) = q**2 - 31*q - 185. Let h be v(j). What is n(h)?
15
Let n(q) = -2*q**2 + 66*q - 131. Suppose -28*x + 14 + 12 = -15*x. What is n(x)?
-7
Let g(f) = f**3 + 7*f**2 - 7. Let n be g(-7). Let t(l) be the first derivative of -l**3/3 - 5*l**2/2 - 6*l + 438. Calculate t(n).
-20
Let c(b) = -49*b**2 - 4*b + 7. Let l be c(2). Let g = l + 203. Let q(f) = -f + 8. Give q(g).
2
Let y(v) = -25*v**3 + 91*v**3 - 22*v**3 - 23*v**3 + 12*v - 23 - 20*v**3 - 14*v**2. Calculate y(13).
-36
Let v(l) = l**3 - l**2 - 3*l - 1. Suppose 0*s - 2*s - 33 = -3*c, -4*c - s = -33. Suppose 0 = -3*t - 7*m + c*m - 2, -12 = t + 5*m. What is v(t)?
-7
Let w(q) = 8*q - 5. Let i be w(2). Suppose -4*b = 3*d + d + 28, 5*d = b - i. Let p(u) = -u**2 - 6*u - 4. Give p(b).
4
Let s be ((-1)/1)/(4/(-260)). Suppose -7*v - s = -16. Let f(g) = 2*g**2 + 5*g - 17. Let h(y) = y**2 + 3*y - 8. Let k(m) = -4*f(m) + 9*h(m). Determine k(v).
-4
Let q = 89 + 230. Let x = -316 + q. Let a(c) = -2*c - 1. What is a(x)?
-7
Let g(t) be the second derivative of t**3/2 + 6*t**2 + t + 4. Let x(i) = i**2 + 11*i + 49. Let d(r) = 9*g(r) - 2*x(r). Calculate d(5).
-15
Let g(d) = -2*d**2 + 6*d - 3. Suppose -2*s - 4*x + 18 = 0, -2*x - 4 = -2*s + x. Suppose 5*b - 6*q = -s*q + 19, 7 = 2*b - q. Calculate g(b).
-11
Let u(h) = 4*h**2 - 1. Let y(t) = 35*t**2 - 4*t - 11. Let a(k) = -36*u(k) + 4*y(k). Let o(g) = -5*g**2 - 18*g - 9. Let c(v) = -6*a(v) + 5*o(v). Determine c(7).
-4
Let n(w) = 4*w**3 - 10*w**2 - 4*w - 5. Let d(h) = -12*h**3 + 34*h**2 + 14*h + 16. Let s(c) = 4*d(c) + 13*n(c). What is s(-2)?
-17
Let a = -43 + 38. Let o be (((-16)/a)/4)/(5/50). Suppose -o = y - 6. Let u(x) = 6*x + 3. What is u(y)?
-9
Let f(x) = 440 + 62 + 15*x - 16*x + 14*x + 5*x. What is f(-28)?
-2
Suppose 7591*k = 3782*k + 3796*k - 13. Let q(i) = -111*i + 1. Determine q(k).
112
Let x(z) = -13*z - 14. Let d(u) = 25*u + 27. Let r(a) = -3*d(a) - 5*x(a). Determine r(-5).
39
Let o(r) = 8*r**2 - 21*r + 3. Let j(q) = 1057*q + 3174. Let b be j(-3). Determine o(b).
12
Let k(h) = -56 - 24 - 19 + h**2 + 137. What is k(0)?
38
Let m(b) = 3*b - 1. Let w = 121 + -119. Suppose -4*f = 2*u, 4*u - 8 = -2*f - 2. Let i = u + w. Give m(i).
11
Suppose -4*g = 3*w - 36, -3*g + 39 = -w + 12. Let s(t) = -7*t - 34. Let m(f) = -3*f - 16. Let r(l) = g*m(l) - 4*s(l). Suppose 11 = -2*i - 3. What is r(i)?
-15
Let m(i) = i**3 - 15*i**2 - 15*i. Let u = -1194 + 1210. Calculate m(u).
16
Let v(p) = p**3 - 4*p**2 - 3*p + 4. Let b(a) = 4*a - 18. Let f be b(-9). Let s = f - -69. Suppose -7*w + 10*w = s. Calculate v(w).
14
Let f be (-9)/3 - (-2 - 2)/1. Let p(n) = 12*n - f - 7*n - 2*n + 11*n. Give p(-1).
-15
Let v be 30/((-11)/10 - (-6)/(-15)). Let j(l) = -3*l - 59. Give j(v).
1
Let q(d) = d + 3. Suppose -34*a = -26*a + 168. Let g = -24 - a. What is q(g)?
0
Let y = 9 + 0. Let o(n) = 10*n**2 + 2 - y*n - n**3 + 3*n**2 - 4*n**2. Let a(b) = -67*b - 2404. Let s be a(-36). Calculate o(s).
-6
Let w(g) = -56 + 711*g - 717*g - 172 + 65. Calculate w(-26).
-7
Let u(b) be the second derivative of -1/6*b**3 + 0 - 6*b**2 - 69*b. Calculate u(-9).
-3
Let l(v) = 48*v**2 - 9*v - 47*v**2 + 1447 - 1432. Give l(2).
1
Let p(m) = -3*m**2 + m**3 - 3 - 8*m + 11*m - 3*m**2 + 11 + 0*m**2. What is p(6)?
26
Suppose u + 17*m + 888 = 20*m, 3573 = -4*u + 5*m. Let o = u + 892. Let j(k) = 3*k + 10. Determine j(o).
-5
Suppose h = -4*l - 33, 5*h = -5*l - 60 - 90. Let a = 32 + h. Suppose -5*y + 20 = a*t, y - 5 = -4*y. Let x(o) = -o**2 + 2*o + 4. Give x(t).
-11
Let i(m) = 120*m - 2171. Let s be i(18). Let q(h) be the third derivative of -h**4/24 - 11*h**3/6 - 4*h**2 - 4*h. What is q(s)?
0
Let l(j) = -13*j + 37. Let d(g) = -24*g + 69. Let c(m) = 4*d(m) - 7*l(m). Determine c(4).
-3
Suppose c - 44 = -4*n, 34 = 4*n + 5*c - 10. Let x(i) = i**3 - 9*i**2 - 21*i - 9. Let z be x(n). Let r(b) = -3*b**2 - 2*b**2 + b**2 + 3*b**z + 4. Calculate r(0).
4
Let j = -24 + 28. Let s(w) = -499*w**2 - 9*w - j*w + 500*w**2 + 4. Give s(10).
-26
Let v(s) = 7902*s + 225 - 7898*s - 231 - s**2. Let x(o) = o**2 + 16*o + 19. Let b be x(-15). Determine v(b).
-6
Let d(a) be the first derivative of 7*a**3/3 + a**2 - a + 209339. Let s = 0 - -1. Determine d(s).
8
Let w(i) = -5*i**3 - 2*i**2 - i - 2. Let r(n) = -2*n**3 + 10*n**2 + 30*n - 11. Let y be r(7). Suppose -4 = x, 4*o + 0*o = -y*x - 20. Determine w(o).
32
Let m(n) = 27*n**2 - n - 1. Suppose 99 = -9*d + 135. Suppose -5*c = -0*j + 3*j - 17, d*j = 3*c - 16. What is m(j)?
27
Let k(t) = -29*t**2 - t + 53. Let c(n) = 18*n**2 + n - 33. Let o(m) = 8*c(m) + 5*k(m). Determine o(0).
1
Let k(m) = -2*m**3 - 26*m**2 - 23*m + 7. Let u be k(-12). Let z(q) = -26*q - 138. Determine z(u).
-8
Let a be (-18)/4*(-4)/(-6). Let w = a + -1. Let k(x) be the first derivative of -x**2/2 - 7*x + 83. Determine k(w).
-3
Let m be (-885)/(-75) + -12 + 49/(-5). Let z(i) = -i**2 - 9*i + 25. Give z(m).
15
Suppose -68*j + 62*j = -48. Let s(v) = v**3 - 9*v**2 + 9*v + 3. Determine s(j).
11
Suppose 16*m - 14*m = -2*c - 764, -4*c = -m - 377. Let i = m - -385. Let u(a) = -a**3 + a**2 + 6*a - 5. Give u(i).
-29
Let n = -927 - -935. Let v(q) = 12*q - 17. Calculate v(n).
79
Let m(l) = l + 6. Let j be m(-6). Let n(q) be the third derivative of 1/24*q**4 + 60*q**2 - 17/6*q**3 + 0*q + 0. W